 437.
381
Calculate the remainder when 406382 is divided by 101590.
22
What is the remainder when 794718 is divided by 18?
0
What is the remainder when 3273942 is divided by 1943?
1930
What is the remainder when 116705 is divided by 4637?
780
What is the remainder when 366990 is divided by 10181?
474
What is the remainder when 576980 is divided by 14413?
460
What is the remainder when 2717314 is divided by 194093?
12
What is the remainder when 33850 is divided by 1997?
1898
Calculate the remainder when 48554758 is divided by 114.
106
What is the remainder when 1717 is divided by 78?
1
Calculate the remainder when 6774487 is divided by 18260.
27
What is the remainder when 1791329 is divided by 61718?
1507
Calculate the remainder when 7502362 is divided by 83.
75
Calculate the remainder when 597637 is divided by 186.
19
What is the remainder when 2714998 is divided by 42?
34
What is the remainder when 7430582 is divided by 215?
182
Calculate the remainder when 32946 is divided by 6469.
601
What is the remainder when 12609273 is divided by 175?
173
Calculate the remainder when 11888382 is divided by 4786.
4744
What is the remainder when 754765 is divided by 125773?
127
What is the remainder when 4707547 is divided by 124?
11
Calculate the remainder when 36265841 is divided by 5180831.
24
What is the remainder when 1942935 is divided by 76?
71
Calculate the remainder when 11456549 is divided by 369566.
3
What is the remainder when 6413598 is divided by 534462?
54
Calculate the remainder when 772266 is divided by 3731.
3680
Calculate the remainder when 5698789 is divided by 17.
15
What is the remainder when 31098561 is divided by 12?
9
Calculate the remainder when 23886 is divided by 11.
5
Calculate the remainder when 363196 is divided by 121060.
16
Calculate the remainder when 10257223 is divided by 24.
7
What is the remainder when 62060 is divided by 61570?
490
What is the remainder when 5086401 is divided by 73?
53
Calculate the remainder when 379550 is divided by 2359.
2110
Calculate the remainder when 42065505 is divided by 772.
769
Calculate the remainder when 353731 is divided by 191.
190
Calculate the remainder when 4164692 is divided by 149.
142
Calculate the remainder when 618874 is divided by 2541.
1411
What is the remainder when 74317 is divided by 5291?
243
What is the remainder when 9737418 is divided by 2434352?
10
Calculate the remainder when 3823671 is divided by 1274521.
108
What is the remainder when 2811484 is divided by 14567?
53
What is the remainder when 92751 is divided by 1128?
255
What is the remainder when 1923168 is divided by 1412?
24
Calculate the remainder when 3438263 is divided by 21.
17
What is the remainder when 34675991 is divided by 29?
24
What is the remainder when 230636 is divided by 206?
122
What is the remainder when 463115 is divided by 9076?
239
What is the remainder when 839113 is divided by 1199?
1012
Calculate the remainder when 532719933 is divided by 24.
21
What is the remainder when 6239109 is divided by 2136?
1989
Calculate the remainder when 64112 is divided by 822.
818
Calculate the remainder when 79931 is divided by 12481.
5045
What is the remainder when 81137 is divided by 785?
282
What is the remainder when 46514 is divided by 962?
338
Calculate the remainder when 21706816 is divided by 664.
656
What is the remainder when 14356152 is divided by 106?
42
Calculate the remainder when 286565 is divided by 7943.
617
What is the remainder when 18975861 is divided by 75301?
9
What is the remainder when 8625726 is divided by 2072?
2062
What is the remainder when 112012 is divided by 4514?
3676
Calculate the remainder when 145759 is divided by 72790.
179
What is the remainder when 18257943 is divided by 643?
601
What is the remainder when 70948 is divided by 17697?
160
Calculate the remainder when 755457893 is divided by 4227.
4226
Calculate the remainder when 10227932 is divided by 1239.
1226
What is the remainder when 3485785 is divided by 387308?
13
What is the remainder when 93601 is divided by 46072?
1457
Calculate the remainder when 70400 is divided by 70379.
21
What is the remainder when 196805 is divided by 49196?
21
Calculate the remainder when 181876440 is divided by 53.
50
What is the remainder when 15815811 is divided by 664?
659
What is the remainder when 297191 is divided by 7619?
50
What is the remainder when 1853643 is divided by 2671?
2640
What is the remainder when 1334775 is divided by 3485?
20
Calculate the remainder when 12136964 is divided by 47410.
4
Calculate the remainder when 99460 is divided by 6.
4
What is the remainder when 191210 is divided by 63688?
146
What is the remainder when 4897503 is divided by 8?
7
Calculate the remainder when 87365 is divided by 230.
195
What is the remainder when 336108 is divided by 83778?
996
Calculate the remainder when 206491662 is divided by 1518321.
6
What is the remainder when 19349711 is divided by 12?
11
What is the remainder when 171285419 is divided by 19031712?
11
Calculate the remainder when 3106511 is divided by 138.
131
Calculate the remainder when 529144886 is divided by 4591.
4590
Calculate the remainder when 120802 is divided by 26468.
14930
What is the remainder when 67523 is divided by 2500?
23
What is the remainder when 41736441 is divided by 123847?
2
Calculate the remainder when 20911643 is divided by 1811.
26
Calculate the remainder when 2103677 is divided by 1032.
461
Calculate the remainder when 14444 is divided by 115.
69
What is the remainder when 118312 is divided by 173?
153
Calculate the remainder when 9564729 is divided by 56596.
5
What is the remainder when 592121673 is divided by 4308?
4305
What is the remainder when 286664 is divided by 416?
40
What is the remainder when 77960 is divided by 4045?
1105
Calculate the remainder when 8224599 is divided by 144288.
183
Calculate the remainder when 901344 is divided by 61.
8
Calculate the remainder when 57890 is divided by 8910.
4430
What is the remainder when 40929 is divided by 10138?
377
What is the remainder when 152263 is divided by 151583?
680
Calculate the remainder when 378564 is divided by 868.
116
What is the remainder when 447741 is divided by 601?
597
Calculate the remainder when 150726 is divided by 1047.
1005
Calculate the remainder when 217726 is divided by 108854.
18
What is the remainder when 16428088 is divided by 70?
68
Calculate the remainder when 66483067 is divided by 22160991.
94
Calculate the remainder when 31083 is divided by 2197.
325
Calculate the remainder when 6819 is divided by 215.
154
What is the remainder when 694936 is divided by 46294?
526
Calculate the remainder when 13882360 is divided by 851.
848
What is the remainder when 27457004 is divided by 43?
42
What is the remainder when 10523230 is divided by 191331?
25
What is the remainder when 8379063 is divided by 1382?
1379
What is the remainder when 1761717 is divided by 1026?
75
Calculate the remainder when 3963882 is divided by 304904.
130
Calculate the remainder when 163502233 is divided by 20437778.
9
Calculate the remainder when 4575736 is divided by 8666.
88
What is the remainder when 1863479 is divided by 2?
1
What is the remainder when 75105 is divided by 24707?
984
What is the remainder when 480611 is divided by 59230?
6771
Calculate the remainder when 45153 is divided by 44893.
260
What is the remainder when 488213 is divided by 34869?
47
What is the remainder when 166644 is divided by 1516?
1400
What is the remainder when 106681 is divided by 882?
841
Calculate the remainder when 689600 is divided by 76620.
20
What is the remainder when 208932 is divided by 18952?
460
What is the remainder when 210344 is divided by 11660?
464
Calculate the remainder when 4488376 is divided by 498706.
22
Calculate the remainder when 21855740 is divided by 248.
244
Calculate the remainder when 28907214 is divided by 2645.
9
What is the remainder when 391780 is divided by 194493?
2794
Calculate the remainder when 21757 is divided by 5320.
477
What is the remainder when 1369138 is divided by 124376?
1002
Calculate the remainder when 354668 is divided by 177275.
118
Calculate the remainder when 995879 is divided by 6.
5
Calculate the remainder when 18331455 is divided by 44.
43
Calculate 